me number?
False
Let h = -667 + 1932. Suppose -h + 4352 = 2*q + v, -4*v = 2*q - 3090. Is q a composite number?
False
Suppose 6*s + 4 = 16. Suppose -s*c + 4 + 2 = 0, 4*x - 5*c - 829 = 0. Is x a prime number?
True
Suppose 5*s + 4*v - 3*v = 14, -2*v = 2. Suppose 2*j - 657 = -s*p, 3*p - 662 = -2*j - p. Is j prime?
False
Let o = -21 - -26. Suppose o*y - 2960 = z - 4*z, -z - 2*y = -987. Is z a composite number?
True
Suppose 2*c = 5*i - 2, -c + 6*c = -3*i + 26. Suppose 348 = i*x - 5*x. Let z = x - -213. Is z a composite number?
False
Let y(q) = 5416*q - 34. Is y(2) prime?
False
Let i(n) = -167*n + 4. Let g = -144 + 139. Is i(g) a composite number?
False
Suppose 0 = -d + 1 - 0. Let b(u) = 5*u + 1. Let h be b(d). Suppose -2*q = 4*z - 650, 4*z - q + h - 659 = 0. Is z a composite number?
False
Let h = -22 + 21. Let a(m) = -364*m + 1. Is a(h) a composite number?
True
Let h = -507 + 1032. Suppose -79 = 2*a - h. Is a a prime number?
True
Suppose 7 = -a + 2*a. Let i = a - 4. Suppose -i*z + 52 = z. Is z a prime number?
True
Is (2/6)/(-6*1/(-1206)) a prime number?
True
Let o be 2/(-12)*-3*14. Suppose -2*b = t - 12, 4*t - 10 = 2*t + 3*b. Suppose o*f = t*f - 203. Is f a composite number?
True
Suppose -4*a - 254 = -5*y, -5*y + 3*a + 107 + 146 = 0. Suppose 0*p = 3*p. Suppose p = -f + 3*r + 6, -f + 5*r = -6*f + y. Is f prime?
False
Let n(c) = 45*c - 6. Let h be n(6). Suppose -5*f - 920 = -5*r, -r + 12 = 3*r. Let a = f + h. Is a a composite number?
False
Let z(j) = 1505*j + 46. Let k(b) = -502*b - 15. Let d(v) = 11*k(v) + 4*z(v). Is d(7) composite?
True
Let m be 5*((-68)/20 - -3). Let y be 1*(0 - 1 - m). Let v(j) = 71*j**3. Is v(y) prime?
True
Let u(l) = 7*l**2 + 3*l + 5. Let v(w) = -4 + 3 - 3*w - 2*w. Let q be v(1). Is u(q) prime?
True
Suppose 0 = 49*z - 924445 - 906048. Is z prime?
True
Is (-2)/(6/(-1167)*1) a prime number?
True
Let m = 9 + -5. Let v = -2 + m. Suppose 2*j = 5*r - 1019, v*r - 4*j - 83 = 331. Is r a prime number?
False
Let b be 60*((-705)/(-20) - 3). Suppose 4*a = 2621 + b. Is a composite?
True
Is 3/(0 + -18)*-314598 a prime number?
True
Is (6215/110)/((-1)/(-74)) composite?
True
Suppose -10*n = -9*n + 5. Is (549/(-15) + 2/n)*-1 composite?
False
Let i(n) = -2*n**3 + 2*n**2 - 3*n**2 + 62 + n**3 + n. Let f(o) = -24*o + 144. Let k be f(6). Is i(k) a composite number?
True
Suppose 0 = 11*l - 2*l - 54. Let v(z) = 3*z**3 + 7*z**2 + 8*z - 11. Is v(l) composite?
False
Suppose 10*r - 56150 = -0*r. Suppose u - r = -4*u. Is u a prime number?
True
Suppose 111*i = 106*i + 108175. Is i composite?
True
Let m be ((-4)/16)/((-2)/16). Suppose q - 551 = 4*g, 3*g + q + 402 = -m*q. Let j = -24 - g. Is j composite?
False
Let k(p) = -21*p**3 + 3*p**2 - 19*p - 27. Let u(w) = -11*w**3 + 2*w**2 - 10*w - 14. Let l(t) = 3*k(t) - 5*u(t). Is l(-3) a composite number?
True
Suppose 4*t + 4*i - 12 = 0, 4*t + t = 5*i + 15. Let h(m) = -m**2 - 6*m - 9. Let x be h(-3). Suppose 165 = -x*b + t*b. Is b composite?
True
Let t(g) = 3199*g**2 + 1. Let l be t(1). Let r = -2228 + l. Suppose 3*q - r = 5*y, 4*q - 1307 = 4*y - y. Is q prime?
False
Let r(v) = 2*v - 8. Let y be r(7). Suppose 0 = -3*k + 2*c + y + 10, c + 15 = 5*k. Is ((-3)/9)/(k/(-354)) prime?
True
Let c = -80 + 180. Let w be (-1 + 2 + -5)*(10 - 11). Suppose -l + c = -3*r + 41, -w*r + 158 = 2*l. Is l prime?
True
Let p(v) = -v + 9. Let k be p(4). Suppose -k*l = -2531 - 6644. Is l prime?
False
Is 2/22 - (-1242785)/187 composite?
True
Let m = 6766 + -11601. Is 40/140 + m/(-7) a composite number?
False
Suppose -17*x + 9853 = -40569. Is x prime?
False
Let q(w) = -w. Let b(n) = 7*n + 1243. Let z(h) = b(h) + 4*q(h). Is z(0) composite?
True
Suppose n - 4*n = 4*r - 9, -2*r - 9 = -3*n. Suppose n*l + 9 = 0, -j = 6*l - l + 13. Suppose 5*d - 4*b - 1253 - 1004 = 0, j*d - b - 901 = 0. Is d composite?
False
Suppose 0 = -0*k - 2*k + 30. Suppose -3*w - 9 = -k. Is ((-499)/w + 1)*-2 a composite number?
True
Let w(v) = -v**3 - 7*v**2 + 7*v - 2. Let j be w(7). Let s be 8/12*-1*j. Suppose 676 = 4*a + 3*f + 95, -3*a + f = -s. Is a a prime number?
False
Let t(b) = 737*b - 77. Let z(i) = -369*i + 38. Let s(n) = 3*t(n) + 5*z(n). Is s(6) a prime number?
False
Let i(s) = 197*s - 292*s - 2 - 298*s. Let w be i(-9). Suppose 4*o - w = -o. Is o composite?
True
Suppose 0 = -3*y + 3*f + 25707, y + f + 17139 = 3*y. Let a = -4861 + y. Is a a composite number?
False
Suppose 3*h = -3*h + 3*h. Suppose 4*k + 5*j - 1652 - 6291 = h, 4*k = -3*j + 7945. Is k composite?
False
Suppose 2*i - 5*d + 0*d = 4832, -5*i - 5*d = -12045. Is i prime?
True
Let r be (-3 + 1 - -2) + -1. Is r*(-740)/((-16)/(-4)) a prime number?
False
Is -1*6/18 - 3164/(-6) a composite number?
True
Is 20/70 - 10701/(-7) composite?
True
Let l = 29522 + 20321. Is l a prime number?
True
Let f be 10/35 + (-8634)/(-14). Let n = -168 + f. Let b = n - 238. Is b a composite number?
False
Let a be 74*(6/4 - -1). Let l = a - 110. Suppose l = 3*g - 0*g. Is g a composite number?
True
Is (46/4)/(((-406)/27524)/(-29)) prime?
False
Suppose 4*y - 5*p - 38858 - 4651 = 0, -5*p = 25. Is y prime?
False
Suppose -117268 = -31*j + 22449. Is j a prime number?
True
Let v(j) = -j - 10. Let y be v(-10). Suppose o + 5*i + 1 = y, -2*o - i = -5*i - 68. Is (-980)/(-6) + (-8)/o composite?
False
Let p = 74 + -38. Suppose 2*h - p = 752. Let a = h + 1. Is a a prime number?
False
Is 31953/9 - (6 + (-200)/30) prime?
False
Suppose 4*i - 4 = 0, -3*v - 5*i = 464 + 257. Let j = 631 + v. Is j a composite number?
False
Let f(p) = -3*p + 58. Let w be f(18). Suppose 0 = -3*t + j + 8160, -8151 = 4*t - 7*t + w*j. Is t a composite number?
True
Let l = 40 + -40. Is (23 - 8)*(l + (-58)/(-6)) composite?
True
Let t = 1089 + -433. Let v = 609 + t. Suppose 0 = -17*p + 12*p + v. Is p a prime number?
False
Suppose 0 = -67*x + 69*x + 3372. Let l = x + 7501. Is l a composite number?
True
Suppose -65*t + 68*t = -15, -4662 = -2*l + 4*t. Is l prime?
False
Suppose 0 = -4*v - 3*i - 9, -6 = -5*v + 3*i + 3. Suppose v*f + 3*f - 285 = 0. Let p = f + -48. Is p composite?
False
Let d be -3 + 4/4 + 7. Suppose 5*q + 5*l + 6 = q, -3*l - d = q. Is 586 - (q + -1) - 3 a prime number?
False
Suppose -3*p + 11165 = -4*a, -7*p + 5*p = 3*a - 7432. Is p a composite number?
False
Let n be 368*(-3 + (-28)/16*-2). Suppose -n*b + 187*b = 471. Is b composite?
False
Let c = -14 - -16. Suppose -c*m + 33 + 13 = 0. Let n = 198 + m. Is n a prime number?
False
Suppose -3*r + 4*v = -3 + 1, -2*v = r - 4. Is 4264 - (-1)/r*(-24)/(-12) composite?
True
Let t(c) = -c**3 + 28*c**2 - 41*c + 3. Is t(25) a prime number?
True
Let n = -25 - -30. Suppose 875 = n*i - 0*i. Suppose 2*l = -3*l + i. Is l composite?
True
Suppose -9*o + 301 = -2*o. Is o prime?
True
Suppose p - 29 = 3*j + 2*j, 2*p + 5*j = -17. Let f(h) = 2*h**3 - 6*h**2 + h. Let t be f(p). Is 2/12 - (-4134)/t prime?
False
Let r = 434 + 444. Let t = -520 + r. Is t composite?
True
Suppose 3*x = -1 - 8. Is 2 - (x - 4*35) composite?
True
Suppose 2*k - 6 = 2, -5*o + 11259 = k. Is o composite?
False
Is ((-2)/(-6))/((-108745)/(-27183) + -4) a prime number?
False
Suppose 3*r - 379 = 563. Suppose -3*p + 5*u = -2728, -u + 4520 = 5*p - 4*u. Let g = p - r. Is g composite?
False
Let z = -100 - -102. Suppose 1306 = z*y - 712. Is y prime?
True
Let c(s) = 200*s**2 - 19. Is c(-4) a prime number?
True
Let h be -704 + 1 - (-4 + 8). Let z = h - -1000. Is z prime?
True
Suppose -2*j + 791 + 899 = 0. Let c = 1821 - j. Suppose -4*f + 5*y = -c, y - 4*y = 4*f - 944. Is f a composite number?
False
Let y(z) = -1034*z - 85. Is y(-12) a composite number?
False
Let i(t) = t**3 + 21*t**2 - 2*t + 17. Is i(-9) a composite number?
True
Let x be -2 - (-3 + 4) - (-8)/2. Is -1 + -2 + 86 - (x - -3) prime?
True
Let n(s) = 2*s - 18. Let q be 25*(120/25 - 4). Is n(q) a prime number?
False
Let v(t) = -2*t**3 + t**2. Let p be v(1). Let a be p/(-1 + 72/68). Let r = 31 + a. Is r prime?
False
Let d be 78/4 + (-18)/12. Let s = -80 - d. Let x = 177 + s. Is x prime?
True
Let k be (-8 + 3 + 5)/(-3). Suppose k = -t + 482 + 37. Is t composite?
True
Suppose -u + 1173 = 4*a, 4*a - a + 2335 = 2*u. Let g = -362 + u. Is g a prime number?
False
Let r(k) = 2*k**3 + 7*k**2 + 19*k + 1. Is r(11) composite?
False
Let m be 0 + 0 + 5 + -2. Suppose -w - 2*z = -1769, 2*w + w - 5262 = m*z. Is w prime?
True
Suppose -2*x 